is the tens digit of 597101247?
4
What is the thousands digit of 175653908?
3
What is the hundreds digit of 65336063?
0
What is the tens digit of 1680963830?
3
What is the millions digit of 48740885?
8
What is the tens digit of 308964513?
1
What is the thousands digit of 12273624?
3
What is the tens digit of 81616137?
3
What is the hundred thousands digit of 646100095?
1
What is the hundred thousands digit of 148865742?
8
What is the tens digit of 17087645?
4
What is the ten millions digit of 503238620?
0
What is the millions digit of 1036871534?
6
What is the ten millions digit of 3199353378?
9
What is the ten millions digit of 653938118?
5
What is the hundred thousands digit of 9694070?
6
What is the tens digit of 5692173567?
6
What is the thousands digit of 200753609?
3
What is the hundreds digit of 39270639?
6
What is the ten thousands digit of 66556851?
5
What is the thousands digit of 554677738?
7
What is the units digit of 128255633?
3
What is the ten thousands digit of 3035680659?
8
What is the ten thousands digit of 19784342?
8
What is the hundred thousands digit of 43957043?
9
What is the hundred thousands digit of 24511084?
5
What is the units digit of 135294035?
5
What is the hundred thousands digit of 952591987?
5
What is the tens digit of 23462705?
0
What is the millions digit of 107359845?
7
What is the hundreds digit of 5483003?
0
What is the hundred thousands digit of 1413399020?
3
What is the ten millions digit of 18728411?
1
What is the ten thousands digit of 134891769?
9
What is the hundreds digit of 40949844?
8
What is the tens digit of 225984846?
4
What is the thousands digit of 5939201645?
1
What is the thousands digit of 4554328732?
8
What is the hundred thousands digit of 1787574065?
5
What is the hundred thousands digit of 1233550889?
5
What is the thousands digit of 4273164676?
4
What is the tens digit of 278055173?
7
What is the ten millions digit of 268518195?
6
What is the millions digit of 50928665?
0
What is the hundred thousands digit of 2439063336?
0
What is the thousands digit of 4663256330?
6
What is the millions digit of 23196347?
3
What is the hundred thousands digit of 69160162?
1
What is the units digit of 5485939?
9
What is the tens digit of 57170764?
6
What is the thousands digit of 53038330?
8
What is the hundreds digit of 224045849?
8
What is the units digit of 1299241?
1
What is the units digit of 715119436?
6
What is the hundred thousands digit of 1167798193?
7
What is the thousands digit of 196131573?
1
What is the hundred thousands digit of 103923051?
9
What is the ten millions digit of 2277488667?
7
What is the ten millions digit of 20923534?
2
What is the hundred millions digit of 3695352837?
6
What is the hundreds digit of 9264078?
0
What is the units digit of 1127780604?
4
What is the millions digit of 309774456?
9
What is the hundred thousands digit of 4493543563?
5
What is the ten thousands digit of 14682785?
8
What is the units digit of 210468600?
0
What is the hundreds digit of 1296247574?
5
What is the ten thousands digit of 805937228?
3
What is the hundred thousands digit of 59533353?
5
What is the hundreds digit of 437591272?
2
What is the hundred thousands digit of 589856140?
8
What is the ten thousands digit of 16074865?
7
What is the tens digit of 512023445?
4
What is the ten thousands digit of 497098090?
9
What is the units digit of 193136556?
6
What is the ten millions digit of 135417655?
3
What is the tens digit of 44925999?
9
What is the tens digit of 152069789?
8
What is the ten thousands digit of 121681933?
8
What is the millions digit of 88580360?
8
What is the hundred thousands digit of 37345753?
3
What is the tens digit of 938998731?
3
What is the thousands digit of 2783765369?
5
What is the hundreds digit of 43761955?
9
What is the hundreds digit of 32280194?
1
What is the units digit of 3777152?
2
What is the units digit of 166517986?
6
What is the hundreds digit of 1745887037?
0
What is the ten millions digit of 1583730124?
8
What is the units digit of 71214692?
2
What is the tens digit of 773045631?
3
What is the thousands digit of 150608217?
8
What is the ten thousands digit of 2531379471?
7
What is the thousands digit of 93366762?
6
What is the hundred millions digit of 4077380565?
0
What is the hundred thousands digit of 45444724?
4
What is the ten millions digit of 762625045?
6
What is the millions digit of 26350334?
6
What is the ten millions digit of 854880047?
5
What is the ten thousands digit of 18995645?
9
What is the ten millions digit of 117278142?
1
What is the millions digit of 502702279?
2
What is the hundreds digit of 12031845?
8
What is the ten millions digit of 2675334068?
7
What is the tens digit of 98575617?
1
What is the hundred thousands digit of 13996127?
9
What is the hundred millions digit of 314057404?
3
What is the thousands digit of 79279235?
9
What is the thousands digit of 23174330?
4
What is the ten thousands digit of 66758801?
5
What is the ten thousands digit of 271643070?
4
What is the units digit of 169694481?
1
What is the thousands digit of 11959348?
9
What is the hundred millions digit of 428441535?
4
What is the millions digit of 51649273?
1
What is the hundreds digit of 911995555?
5
What is the hundreds digit of 69011719?
7
What is the units digit of 2008541535?
5
What is the ten thousands digit of 1990734792?
3
What is the ten thousands digit of 39145953?
4
What is the ten millions digit of 10318018?
1
What is the units digit of 503190411?
1
What is the ten millions digit of 2896800521?
9
What is the hundreds digit of 330418944?
9
What is the ten millions digit of 83986380?
8
What is the millions digit of 164430415?
4
What is the tens digit of 1060554208?
0
What is the hundreds digit of 96567800?
8
What is the ten thousands digit of 1902576193?
7
What is the billions digit of 6764736393?
6
What is the hundred thousands digit of 475431567?
4
What is the hundred millions digit of 2143980581?
1
What is the units digit of 6438485920?
0
What is the tens digit of 689699119?
1
What is the tens digit of 3726050412?
1
What is the tens digit of 224599106?
0
What is the hundred thousands digit of 207054194?
0
What is the hundreds digit of 22562218?
2
What is the hundreds digit of 83337841?
8
What is the millions digit of 40934365?
0
What is the units digit of 642444305?
5
What is the hundreds digit of 51091255?
2
What is the hundreds digit of 19582322?
3
What is the ten thousands digit of 493682359?
8
What is the thousands digit of 69301091?
1
What is the hundreds digit of 1032404225?
2
What is the units digit of 32098451?
1
What is the tens digit of 191243024?
2
What is the hundred thousands digit of 55385779?
3
What is the thousands digit of 21435697?
5
What is the units digit of 1152803255?
5
What is the hundred millions digit of 2933378980?
9
What is the ten thousands digit of 74385450?
8
What is the hundred thousands digit of 166448541?
4
What is the ten thousands digit of 225049125?
4
What is the ten millions digit of 6617926552?
1
What is the millions digit of 66424132?
6
What is the hundreds digit of 565678688?
6
What is the hundreds digit of 24542128?
1
What is the tens digit of 43685282?
8
What is the thousands digit of 62465211?
5
What is the tens digit of 3678327?
2
What is the hundred thousands digit of 24918468?
9
What is the tens digit of 5984612451?
5
What is the hundreds digit of 30771382?
3
What is the tens digit of 723930305?
0
What is the tens digit of 931946650?
5
What is the thousands digit of 66582553?
2
What is the millions digit of 656002757?
6
What is the hundreds digit of 113599761?
7
What is the thousands digit of 75131571?
1
What is the hundreds digit of 4557363503?
5
What is the tens digit of 127539520?
2
What is the hundreds digit of 131484389?
3
What is the units digit of 34542302?
2
What is the thousands digit of 487405786?
5
What is the thousands digit of 243328792?
8
What is the ten thousands digit of 14866381?
6
What is the tens digit of 250181893?
9
What is the thousands digit of 3420585468?
5
What is the thousands digit of 555876830?
6
What is the tens digit of 111112526?
2
What is the ten millions digit of 1250975542?
5
What is the billions digit of 4263797310?
4
What is the hundred thousands digit